	{"id":146,"date":"2020-07-17T21:58:49","date_gmt":"2020-07-17T21:58:49","guid":{"rendered":"https:\/\/metehancan.com.tr\/?page_id=146"},"modified":"2022-08-24T10:12:28","modified_gmt":"2022-08-24T10:12:28","slug":"hakkimda","status":"publish","type":"page","link":"https:\/\/metehancan.com.tr\/index.php\/hakkimda\/","title":{"rendered":"Hakk\u0131mda"},"content":{"rendered":"<section class=\"l-section wpb_row height_small\"><div class=\"l-section-h i-cf\"><div class=\"g-cols vc_row via_flex valign_top type_default stacking_default\"><div class=\"vc_col-sm-12 wpb_column vc_column_container\"><div class=\"vc_column-inner\"><div class=\"wpb_wrapper\"><div class=\"wpb_text_column\"><div class=\"wpb_wrapper\"><p>Merhaba ben <strong>Metehan.<br \/>\n<\/strong>1994 Tokat do\u011fumluyum. Gaziosmanpa\u015fa Lisesinin ard\u0131ndan Ondokuz May\u0131s \u00dcniversitesi Mimarl\u0131k b\u00f6l\u00fcm\u00fcnden mezun oldum. Mimarl\u0131k e\u011fitimimin ba\u015flar\u0131ndan beri <strong><em>Mimari G\u00f6rselle\u015ftirme<\/em><\/strong> teknikleri \u00fczerine kendimi geli\u015ftirmekteyim. Bunun yan\u0131nda mimari ve i\u00e7 mimari projelerinde yer almaktay\u0131m.<\/p>\n<\/div><\/div><\/div><\/div><\/div><\/div><\/div><\/section><section class=\"l-section wpb_row height_auto\"><div class=\"l-section-h i-cf\"><div class=\"g-cols vc_row via_flex valign_top type_default stacking_default\"><div class=\"vc_col-sm-12 wpb_column vc_column_container\"><div class=\"vc_column-inner\"><div class=\"wpb_wrapper\"><div class=\"w-separator size_small with_line width_default thick_1 style_dashed color_border align_center with_text with_content\"><div class=\"w-separator-h\"><h6 class=\"w-separator-text\"><span>Program Bilgisi<\/span><\/h6><\/div><\/div><\/div><\/div><\/div><div class=\"vc_col-sm-6 wpb_column vc_column_container\"><div class=\"vc_column-inner\"><div class=\"wpb_wrapper\"><div class=\"w-progbar initial style_3 color_primary\" onclick='return {&quot;template&quot;:&quot;99%&quot;,&quot;value&quot;:&quot;99&quot;,&quot;finalValue&quot;:&quot;100&quot;}'><h6 class=\"w-progbar-title\" style=\"font-size:1rem;\"><span class=\"w-progbar-title-text\">SketchUp<\/span><span class=\"w-progbar-title-count\">99%<\/span><\/h6><div class=\"w-progbar-bar\"><div class=\"w-progbar-bar-h\" style=\"height:35px;\"><span class=\"w-progbar-bar-count\">99%<\/span><\/div><\/div><\/div><div class=\"w-progbar initial style_3 color_primary\" onclick='return {&quot;template&quot;:&quot;98%&quot;,&quot;value&quot;:&quot;98&quot;,&quot;finalValue&quot;:&quot;100&quot;}'><h6 class=\"w-progbar-title\" style=\"font-size:1rem;\"><span class=\"w-progbar-title-text\">Lumion<\/span><span class=\"w-progbar-title-count\">98%<\/span><\/h6><div class=\"w-progbar-bar\"><div class=\"w-progbar-bar-h\" style=\"height:35px;\"><span class=\"w-progbar-bar-count\">98%<\/span><\/div><\/div><\/div><div class=\"w-progbar initial style_3 color_primary\" onclick='return {&quot;template&quot;:&quot;90%&quot;,&quot;value&quot;:&quot;90&quot;,&quot;finalValue&quot;:&quot;100&quot;}'><h6 class=\"w-progbar-title\" style=\"font-size:1rem;\"><span class=\"w-progbar-title-text\">Corona(3DMax)<\/span><span class=\"w-progbar-title-count\">90%<\/span><\/h6><div class=\"w-progbar-bar\"><div class=\"w-progbar-bar-h\" style=\"height:35px;\"><span class=\"w-progbar-bar-count\">90%<\/span><\/div><\/div><\/div><div class=\"w-progbar initial style_3 color_primary\" onclick='return {&quot;template&quot;:&quot;80%&quot;,&quot;value&quot;:&quot;80&quot;,&quot;finalValue&quot;:&quot;100&quot;}'><h6 class=\"w-progbar-title\" style=\"font-size:1rem;\"><span class=\"w-progbar-title-text\">Vray (SketchUp)<\/span><span class=\"w-progbar-title-count\">80%<\/span><\/h6><div class=\"w-progbar-bar\"><div class=\"w-progbar-bar-h\" style=\"height:35px;\"><span class=\"w-progbar-bar-count\">80%<\/span><\/div><\/div><\/div><div class=\"w-progbar initial style_3 color_primary\" onclick='return {&quot;template&quot;:&quot;80%&quot;,&quot;value&quot;:&quot;80&quot;,&quot;finalValue&quot;:&quot;100&quot;}'><h6 class=\"w-progbar-title\" style=\"font-size:1rem;\"><span class=\"w-progbar-title-text\">Vray (3DMax)<\/span><span class=\"w-progbar-title-count\">80%<\/span><\/h6><div class=\"w-progbar-bar\"><div class=\"w-progbar-bar-h\" style=\"height:35px;\"><span class=\"w-progbar-bar-count\">80%<\/span><\/div><\/div><\/div><\/div><\/div><\/div><div class=\"vc_col-sm-6 wpb_column vc_column_container\"><div class=\"vc_column-inner\"><div class=\"wpb_wrapper\"><div class=\"w-progbar initial style_3 color_primary\" onclick='return {&quot;template&quot;:&quot;80%&quot;,&quot;value&quot;:&quot;80&quot;,&quot;finalValue&quot;:&quot;100&quot;}'><h6 class=\"w-progbar-title\" style=\"font-size:1rem;\"><span class=\"w-progbar-title-text\">Autocad<\/span><span class=\"w-progbar-title-count\">80%<\/span><\/h6><div class=\"w-progbar-bar\"><div class=\"w-progbar-bar-h\" style=\"height:35px;\"><span class=\"w-progbar-bar-count\">80%<\/span><\/div><\/div><\/div><div class=\"w-progbar initial style_3 color_primary\" onclick='return {&quot;template&quot;:&quot;80%&quot;,&quot;value&quot;:&quot;80&quot;,&quot;finalValue&quot;:&quot;100&quot;}'><h6 class=\"w-progbar-title\" style=\"font-size:1rem;\"><span class=\"w-progbar-title-text\">3DMax<\/span><span class=\"w-progbar-title-count\">80%<\/span><\/h6><div class=\"w-progbar-bar\"><div class=\"w-progbar-bar-h\" style=\"height:35px;\"><span class=\"w-progbar-bar-count\">80%<\/span><\/div><\/div><\/div><div class=\"w-progbar initial style_3 color_primary\" onclick='return {&quot;template&quot;:&quot;80%&quot;,&quot;value&quot;:&quot;80&quot;,&quot;finalValue&quot;:&quot;100&quot;}'><h6 class=\"w-progbar-title\" style=\"font-size:1rem;\"><span class=\"w-progbar-title-text\">Adobe Photoshop<\/span><span class=\"w-progbar-title-count\">80%<\/span><\/h6><div class=\"w-progbar-bar\"><div class=\"w-progbar-bar-h\" style=\"height:35px;\"><span class=\"w-progbar-bar-count\">80%<\/span><\/div><\/div><\/div><div class=\"w-progbar initial style_3 color_primary\" onclick='return {&quot;template&quot;:&quot;75%&quot;,&quot;value&quot;:&quot;75&quot;,&quot;finalValue&quot;:&quot;100&quot;}'><h6 class=\"w-progbar-title\" style=\"font-size:1rem;\"><span class=\"w-progbar-title-text\">MS Office<\/span><span class=\"w-progbar-title-count\">75%<\/span><\/h6><div class=\"w-progbar-bar\"><div class=\"w-progbar-bar-h\" style=\"height:35px;\"><span class=\"w-progbar-bar-count\">75%<\/span><\/div><\/div><\/div><div class=\"w-progbar initial style_3 color_primary\" onclick='return {&quot;template&quot;:&quot;60%&quot;,&quot;value&quot;:&quot;60&quot;,&quot;finalValue&quot;:&quot;100&quot;}'><h6 class=\"w-progbar-title\" style=\"font-size:1rem;\"><span class=\"w-progbar-title-text\">Adobe Illustrator<\/span><span class=\"w-progbar-title-count\">60%<\/span><\/h6><div class=\"w-progbar-bar\"><div class=\"w-progbar-bar-h\" style=\"height:35px;\"><span class=\"w-progbar-bar-count\">60%<\/span><\/div><\/div><\/div><\/div><\/div><\/div><\/div><\/div><\/section>\n","protected":false},"excerpt":{"rendered":"Merhaba ben Metehan. 1994 Tokat do\u011fumluyum. Gaziosmanpa\u015fa Lisesinin ard\u0131ndan Ondokuz May\u0131s \u00dcniversitesi Mimarl\u0131k b\u00f6l\u00fcm\u00fcnden mezun oldum. Mimarl\u0131k e\u011fitimimin ba\u015flar\u0131ndan beri Mimari G\u00f6rselle\u015ftirme teknikleri \u00fczerine kendimi geli\u015ftirmekteyim. Bunun yan\u0131nda mimari ve i\u00e7 mimari projelerinde yer almaktay\u0131m. Program BilgisiSketchUp99%99%Lumion98%98%Corona(3DMax)90%90%Vray (SketchUp)80%80%Vray (3DMax)80%80%Autocad80%80%3DMax80%80%Adobe Photoshop80%80%MS Office75%75%Adobe Illustrator60%60%","protected":false},"author":1,"featured_media":0,"parent":0,"menu_order":0,"comment_status":"closed","ping_status":"closed","template":"","meta":{"inline_featured_image":false,"footnotes":""},"_links":{"self":[{"href":"https:\/\/metehancan.com.tr\/index.php\/wp-json\/wp\/v2\/pages\/146"}],"collection":[{"href":"https:\/\/metehancan.com.tr\/index.php\/wp-json\/wp\/v2\/pages"}],"about":[{"href":"https:\/\/metehancan.com.tr\/index.php\/wp-json\/wp\/v2\/types\/page"}],"author":[{"embeddable":true,"href":"https:\/\/metehancan.com.tr\/index.php\/wp-json\/wp\/v2\/users\/1"}],"replies":[{"embeddable":true,"href":"https:\/\/metehancan.com.tr\/index.php\/wp-json\/wp\/v2\/comments?post=146"}],"version-history":[{"count":15,"href":"https:\/\/metehancan.com.tr\/index.php\/wp-json\/wp\/v2\/pages\/146\/revisions"}],"predecessor-version":[{"id":382,"href":"https:\/\/metehancan.com.tr\/index.php\/wp-json\/wp\/v2\/pages\/146\/revisions\/382"}],"wp:attachment":[{"href":"https:\/\/metehancan.com.tr\/index.php\/wp-json\/wp\/v2\/media?parent=146"}],"curies":[{"name":"wp","href":"https:\/\/api.w.org\/{rel}","templated":true}]}}